w be t(-5). Suppose 2*n = -4*m - 72 + w, 5*m = -n + 1151. What are the prime factors of m?
2, 5, 23
Let u(m) = 14077*m + 103. What are the prime factors of u(4)?
19, 2969
Let m be 1 + -43 + 8*3/6. Let l = m + 10. What are the prime factors of 1/(21/2253) + 8/l?
107
Let w = 2822 - 1346. What are the prime factors of 1*84/(-8)*w/(-21)?
2, 3, 41
Let r = -1392 - -1397. Let s be 2849/13 - (-12)/(-78). Suppose 3*z - s = -5*j, 4*j = r*j + 3. What are the prime factors of z?
2, 3, 13
Let k(b) = -b**2 + 20*b + 72. Let g be k(23). Suppose m + 4*j = 324, 960 + 38 = g*m - j. What are the prime factors of m?
2, 83
Suppose 0 = 686*w - 706*w + 16300. List the prime factors of w.
5, 163
Let k = -29011 - -61846. List the prime factors of k.
3, 5, 11, 199
Let f = 282 - -63. Let o be ((-8)/(-3))/(1 - 335/f). Suppose -8*h + 4*h + o = 0. What are the prime factors of h?
23
Suppose 0*o = -4*o + 2*a - 14, 0 = 4*o - 3*a + 17. Let w be o - (-4 + 1 + -3). Suppose -w = -2*p, -5*p - 46 - 6 = -q. List the prime factors of q.
2, 31
Suppose -2*f + f - 11 = 3*g, 0 = f - 5*g - 29. Let h be (-2 + f)/((-1)/2 - -1). List the prime factors of 4 + (72 - 2) + h.
2, 3, 13
Suppose -3*s - 3*r + 91956 = 0, 4*s - 115467 = r + 7136. List the prime factors of s.
3, 17, 601
Let k = 12805 + -8292. List the prime factors of k.
4513
Let v be -5 + 615/125 - (-1904)/50. Suppose -5*j = -v*u + 34*u + 5670, u + 4*j = 1407. What are the prime factors of u?
5, 283
Let h(j) be the first derivative of 10*j - 1/4*j**4 + 0*j**3 + 11/2*j**2 + 19. List the prime factors of h(-7).
2, 3, 23
Let o(r) = 51*r**2 + 8*r + 9 + 8 + 22 - 5*r - 22. What are the prime factors of o(-4)?
821
Suppose -5*q = 5*f + 90, 5*f + 6 = -q - 32. List the prime factors of -2 + 2/q + (-13108)/(-26).
2, 251
Suppose -18*t + 22*t = 0. Suppose 13*j + 5*n = 8*j + 85, 4*n - 16 = t. List the prime factors of j.
13
Let d(r) = -r**3 + 10*r**2 + 3. Let q = -94 - -102. List the prime factors of d(q).
131
Let t = 15 + -11. Suppose k + g = -t*g - 154, -k - 3*g - 150 = 0. Let c = -65 - k. List the prime factors of c.
79
Suppose -5*t - 1007 = m, -2*m - 703 - 1316 = 5*t. What are the prime factors of (m/110)/(2/(-215)) + 5?
2, 7, 71
Suppose -3*v = h - 32, h + 2*v - 45 = -17. Let c = -8 + h. Suppose 1862 = -c*w + 26*w. What are the prime factors of w?
7, 19
Suppose -3*n + 13846 = 4*s - 0*n, 0 = s - 2*n - 3456. List the prime factors of s.
2, 5, 173
Let c(b) = -b**2 + 43*b - 390. List the prime factors of c(17).
2, 13
Let y(d) = -d**3 + 6*d**2 - d + 44. Let a be y(-12). Suppose a = 5*f - 4*c, -4*c = 2*f - 557 - 519. What are the prime factors of f?
2, 7, 19
Suppose -7 = 6*f - 13*f. What are the prime factors of 4/3 - f - (-29708)/84?
2, 3, 59
Let j(l) = -9*l - 2. Let k be j(-1). Suppose -3*z = 4*h - 156, 3*h + 170 = 3*z - k. Let y = z + -37. What are the prime factors of y?
19
Suppose 5*h - 17 = -67. Let s(x) = 4*x**3 - 14*x**2 - 3*x**3 + 26*x**2 - 24 + 9*x. What are the prime factors of s(h)?
2, 43
Let p be ((-2110)/(-8) - -4)/(2/(-8)). Let r = 1635 + p. Suppose -33*x + 37*x - r = 0. What are the prime factors of x?
3, 47
What are the prime factors of 193/965 + (-251338)/(-35) + (-6)/21?
43, 167
Suppose 60*f - 55*f = 315. Let z = -61 + f. Suppose -217 = -z*u - 5*u. List the prime factors of u.
31
Let u(x) = -4*x + 45. Let p be 92/28 + (-8)/28. Suppose 3*w = 4*m + 27, 22 = 3*w - p*m - 5. List the prime factors of u(w).
3
Let o = 98 + -86. Let b(l) = 9*l - 13*l + 0 + 17 + l**3 + o*l**2. What are the prime factors of b(-10)?
257
Suppose 0 = -41*b - 3*b + 128040. List the prime factors of b.
2, 3, 5, 97
Let j(u) = u**3 + 10*u**2 - u - 5. Let g be j(-10). Suppose 12 = 3*i - 150. Suppose w - i = -g*w. What are the prime factors of w?
3
Suppose 1811 = q - 5*a, -5*q = -9*q - 2*a + 7134. Let z = q + -941. List the prime factors of z.
5, 13
Let u(t) be the first derivative of -t**2/2 - 7*t + 17. Let g be u(7). Let f = 23 + g. What are the prime factors of f?
3
Let l be (-3 - (-45)/18)/(2/(-13660)). Let a = l - 2006. What are the prime factors of a?
1409
Let o = -12790 + 20430. List the prime factors of o.
2, 5, 191
Let t = 18 + -5. Let u be (8/10)/(78/195). Suppose u*n = 47 - t. What are the prime factors of n?
17
Suppose -23*b = 37605 - 340515. List the prime factors of b.
2, 3, 5, 439
Suppose 4*i + 4*o = -28, -i = -4*i + o - 17. Let x = i - -9. Suppose 0*v + 243 = x*v. List the prime factors of v.
3
Suppose -b + 57 = 4*o - 0*b, -o - 4*b + 18 = 0. Let k(q) = 2*q**3 - 26*q**2 - 3. Let m be k(o). Suppose -235 = -6*p + m. What are the prime factors of p?
2, 13
Let m(r) = -2*r**2 + 10*r**2 + 8*r + 17 + 1 - 5*r**2. Let c be m(-16). Let v = c - 449. What are the prime factors of v?
11, 19
Suppose 3*d - 2576 = -3*x + 7153, 3*d = -x + 3249. Suppose 7*n - x = -2*n. What are the prime factors of n?
2, 3, 5
Let q = 46 + -25. Suppose -q*r + 1625 = -16*r. List the prime factors of r.
5, 13
Let w(l) = -253 - 4*l - 2*l + 287 - l. List the prime factors of w(-4).
2, 31
Let b(h) = -h**3 - 41*h**2 + 5*h + 34. List the prime factors of b(-45).
11, 719
Suppose 5*u - 1 = 3*b, 3*b = -u + 7 + 4. Suppose 145 = -u*l + 503. List the prime factors of l.
179
Let g(z) = -7*z - 1. Let v(n) = -8*n - 1. Let t(u) = -4*g(u) + 3*v(u). Let h be t(4). Suppose h*l - 1941 = 2870. List the prime factors of l.
283
Suppose 2*u - 15006 + 14998 = 0. Let h be 1*722 + -1 - 1. Suppose 4*s + 5*p - 441 = 252, -h = -4*s + u*p. List the prime factors of s.
3, 59
Suppose -s - 4*k - 19 = 0, 22 + 1 = -2*s - 5*k. What are the prime factors of (1594 - s) + (4 - 27/3)?
2, 397
Let p(w) = 111*w**2 - 6*w + 5. Let f be p(5). Suppose -5*x - 685 = -f. List the prime factors of x.
7, 59
Suppose 3*s + 2*f = 4*f + 3480, -2*f = 0. Suppose 5*y - 1478 = -2*i, i + 3*i = 4*y - s. What are the prime factors of y?
2, 3, 7
Let w(b) = b - 4. Let p = 38 - 34. Let h be w(p). Suppose -k - 8 + 125 = h. List the prime factors of k.
3, 13
Let h(k) = 10*k + 4*k + 5*k + 9 - 2*k. Let i be h(3). List the prime factors of (144/i)/((-2)/(-15)).
2, 3
Suppose -56 = m - 54, 0 = -5*r - 2*m + 104551. What are the prime factors of r?
11, 1901
Suppose 68*b - 17*b = -70979 + 538292. List the prime factors of b.
7, 11, 17
Let q(z) = 1500*z**2 - 4*z + 5. What are the prime factors of q(-2)?
7, 859
Suppose 62*q = 63*q - 10. Suppose 7075 = q*f + 105. List the prime factors of f.
17, 41
Let l(b) = 3916*b**2 - 25*b - 112. What are the prime factors of l(-4)?
2, 15661
Let c(m) = -896*m - 7. Let r be c(-4). Let w = r + -1897. List the prime factors of w.
2, 3, 5, 7
Let v(z) = 40*z + 419. List the prime factors of v(-8).
3, 11
Suppose -4*s - 28 = -c, -3*c - 2*s + 20 - 6 = 0. Suppose 32 = -c*p + 16*p. Suppose 2*m - 364 = 3*w, 0*m - m + p*w + 187 = 0. List the prime factors of m.
179
Let g be 6/2 + 54 + (-9)/(-3). List the prime factors of (3924/g)/((-1)/(-5)).
3, 109
Suppose -2 = 4*a + 2*y, a + 4 = 6*a - 4*y. Let k be (4 - 4)/(-1 + 4). Suppose -u + 12 = r, k = r - a*r - 4*u - 12. What are the prime factors of r?
2, 3
Let o = -241 - -245. Suppose -20 = -5*r, o*v + 3*r = -v + 1777. List the prime factors of v.
353
Suppose 4*f - 2*s - 18 = -4*s, 2*f = 2*s + 24. Suppose -f*l - 278 = -8783. What are the prime factors of l?
3, 5
Let a be 1088/(-96) - (-4)/(-6). Let f = 14 - a. List the prime factors of f.
2, 13
Let z = 508 - 735. Let y be ((45/(-12))/(21/(-28)) - 8) + -384. Let i = z - y. List the prime factors of i.
2, 5
Suppose 3*g = 4*z + 32, -4*z + 9*z = -4*g - 71. Let t be (z/2 + 1)*(-9 - -7). Suppose -a = -t*a + 120. What are the prime factors of a?
3, 5
Suppose 4*i + 10 = -0*n - n, 0 = 3*n + 5*i + 2. What are the prime factors of (370/(-25))/(n - 1024/170)?
17, 37
Let d be (-399)/27 + (-20)/90. Let o(h) = h**3 + 18*h**2 + 37*h + 9. What are the prime factors of o(d)?
3, 43
Let n be 14/1 + (9 - 5). Let d(s) = -9*s + 36. Let h be d(4). Suppose h = v - n - 40. What are the prime factors of v?
2, 29
Suppose 0 = -3*w - 5*g + 3538, -g = -4*g - 12. Suppose -5*a = -5*s + 3370, -5*a = 2*s - w - 169. List the prime factors of s.
3, 5
Suppose -5*i + 175 = 2*b - 6*b, 5*b - 142 = -3*i. Let n = 42 - i. What are the prime factors of 237/(-2)*(-2)/n?
79
Suppose 0 = 57*h - 43*h - 108122. What are the prime factors of h?
7723
Suppose -293169 - 3562914 = -77*n. What are th